base 9, what is 6608324 + 10?
6608334
In base 7, what is -3465215 - -605?
-3464310
In base 14, what is 1a42 + -2945?
-d03
In base 8, what is 20 - -5723567?
5723607
In base 13, what is 16815a2 + -16?
1681589
In base 14, what is c62d120 - -4?
c62d124
In base 3, what is 202112000100002122 + -11?
202112000100002111
In base 6, what is 2502513 - 1215?
2501254
In base 16, what is -1677de - -1c?
-1677c2
In base 6, what is -133353341 + 1?
-133353340
In base 4, what is -12231303003 - 20?
-12231303023
In base 2, what is 11010111101010100101110011 - 10?
11010111101010100101110001
In base 9, what is 2 - -50761117?
50761120
In base 2, what is 1000001110100101001010 - -11?
1000001110100101001101
In base 10, what is 2314 + -5217?
-2903
In base 8, what is -2047 - 77170?
-101237
In base 8, what is -2 - -17707?
17705
In base 13, what is 606a0c63 - -3?
606a0c66
In base 15, what is -49853e - 3?
-498542
In base 2, what is 1001000110000000 + -101010100100?
1000011011011100
In base 11, what is 8481 + -236?
8246
In base 12, what is 4 + 855682?
855686
In base 15, what is a + 63ea36?
63ea41
In base 16, what is 1175bee + 2?
1175bf0
In base 11, what is 1 - -43483a83?
43483a84
In base 5, what is -10104 - 214122?
-224231
In base 10, what is -893 + 564044?
563151
In base 5, what is 20 - -41403111344?
41403111414
In base 11, what is 5 + -6649529?
-6649524
In base 2, what is 100001010110110000101 - -101111001?
100001010111011111110
In base 13, what is 13b3a215 + 7?
13b3a21c
In base 16, what is 18d644 + 1c?
18d660
In base 3, what is 1221112201 - -2002?
1221121210
In base 2, what is 1101101001111101110 + -1010?
1101101001111100100
In base 5, what is -332344 + -1130?
-334024
In base 13, what is 3 + 2221330?
2221333
In base 3, what is -22220020111 + 22212?
-22212220122
In base 16, what is -12ce4f + 1a?
-12ce35
In base 7, what is -16011 - -4365?
-11313
In base 16, what is 2cfe + -3?
2cfb
In base 2, what is 101001 - 1110010111111101000?
-1110010111110111111
In base 2, what is -101010000000 + -101000001001?
-1010010001001
In base 12, what is -101 - 40874?
-40975
In base 4, what is 1220133322111 + 2?
1220133322113
In base 12, what is -2 + 13a4104?
13a4102
In base 8, what is 215251175 + -2?
215251173
In base 8, what is 3 - 240617253?
-240617250
In base 16, what is -673129e7 - 0?
-673129e7
In base 5, what is 1202100103 - 101?
1202100002
In base 5, what is 23400301 + 1014?
23401320
In base 10, what is 2505 - -1082?
3587
In base 16, what is -7713e4 - -1?
-7713e3
In base 6, what is 545202200 - -44?
545202244
In base 14, what is 5677d2 - 5?
5677cb
In base 10, what is -14561 - 152?
-14713
In base 4, what is -1112 + -3311230232?
-3311232010
In base 10, what is -46999721 + 6?
-46999715
In base 16, what is -fda2744 - 4?
-fda2748
In base 3, what is 21200220110 - 120120?
21200022220
In base 3, what is -1111120020100 - 1200?
-1111120022000
In base 16, what is 8d200c + 23?
8d202f
In base 2, what is 10010010011000010101101 - -1111000?
10010010011000100100101
In base 5, what is 2 - 3101301433?
-3101301431
In base 11, what is 619435 + a?
619444
In base 14, what is -9 + -7c963?
-7c96c
In base 5, what is -201224004 - 143?
-201224202
In base 4, what is -33311 + 211310?
111333
In base 11, what is -a638293 + 2?
-a638291
In base 8, what is -454531665 + 4?
-454531661
In base 2, what is -100 + 1100011011000110001001?
1100011011000110000101
In base 10, what is 4247750 + -6?
4247744
In base 3, what is -1100011020 - 10202?
-1100021222
In base 3, what is 10100002 - 11100221?
-1000212
In base 13, what is aa207 + -67?
aa170
In base 9, what is 11065 + 1526?
12602
In base 3, what is 221222200 - -1000000?
222222200
In base 16, what is -dac953 - -12?
-dac941
In base 10, what is -471379 + -24?
-471403
In base 8, what is -176 + 2421054?
2420656
In base 2, what is 101000010001100001 + 10111?
101000010001111000
In base 15, what is ba09b51 - -5?
ba09b56
In base 14, what is 30b0 + 1b6?
3286
In base 8, what is -41215 + -521?
-41736
In base 8, what is 27527463 + 3?
27527466
In base 8, what is 17 - 761421?
-761402
In base 3, what is 1001100021 + 201002?
1002001100
In base 16, what is -7a3 + 1db?
-5c8
In base 14, what is 1413 - -1ab0?
30c3
In base 10, what is -56 - 1096954?
-1097010
In base 3, what is -1010001200 - -1111111?
-1001120012
In base 8, what is 5266557 - -137?
5266716
In base 2, what is 101 - 1011101111001110?
-1011101111001001
In base 9, what is -2670 + 24127?
21347
In base 10, what is -20793 - -1327?
-19466
In base 4, what is 11131321302 + 302?
11131322210
In base 7, what is 102432314 + 53?
102432400
In base 10, what is 0 - -7252060?
7252060
In base 13, what is 37c742 + 43?
37c785
In base 5, what is -13331422 + 2144?
-13324223
In base 12, what is -a + -16b0050?
-16b005a
In base 8, what is 270554 + 11163?
301737
In base 8, what is 6560 - -40256?
47036
In base 8, what is -2451 - -1033117?
1030446
In base 7, what is 24 + -2230364?
-2230340
In base 15, what is -18ade - 6a7?
-19296
In base 4, what is 1003302231302 + 100?
1003302232002
In base 4, what is -2110330210103 - 2?
-2110330210111
In base 6, what is -2540 - -404433?
401453
In base 6, what is -5453513334 - 2?
-5453513340
In base 3, what is 2112 - 21010102121010?
-21010102111121
In base 14, what is -b5 + 11183?
110ac
In base 6, what is -11 + -55033002?
-55033013
In base 12, what is -13a + -20a1?
-221b
In base 7, what is 1302656330 + 13?
1302656343
In base 15, what is 2c04 + 4aa?
31ae
In base 12, what is 5 - 197153b?
-1971536
In base 4, what is -110121033301 - 32?
-110121033333
In base 11, what is 1 + 29709a98?
29709a99
In base 9, what is -120 + -325504?
-325624
In base 6, what is -11 - 1001325511?
-1001325522
In base 4, what is 2322111030 + -13120?
2322031310
In base 14, what is a + 8c10b6?
8c10c2
In base 4, what is 23132313 + 20122?
23213101
In base 5, what is -4 - -14213111023?
14213111014
In base 2, what is 11101000011011011101000 + 101001?
11101000011011100010001
In base 8, what is -25007 - 1050?
-26057
In base 15, what is 166d7 + d?
166e5
In base 9, what is -14313 - -584?
-13618
In base 6, what is 431 - 13002402?
-13001531
In base 8, what is -5 - -134167301?
134167274
In base 2, what is -1110101000001001001 + 1011000?
-1110100111111110001
In base 5, what is -14 - 14340201420?
-14340201434
In base 10, what is 3920252 + -122?
3920130
In base 4, what is -11 + 32110312010?
32110311333
In base 11, what is -1664 + -19454?
-20008
In base 14, what is -ddb - -1197?
19a
In base 7, what is -1663131 - 30114?
-2023245
In base 6, what is -223 - 1014000?
-1014223
In base 15, what is -4 + 107e982?
107e97d
In base 13, what is -b3 + 3b392c?
3b3849
In base 3, what is 12 + -201010012221120112?
-201010012221120100
In base 12, what is 13 - -1920b3?
192106
In base 9, what is 73 + -2120475?
-2120402
In base 8, what is -16 - -7541426?
7541410
In base 11, what is -1 + -63a02a?
-63a030
In base 8, what is 4 - -7527336?
7527342
In base 14, what is 2 - -47ba6b7?
47ba6b9
In base 3, what is 201120112000111 - 10?
201120112000101
In base 3, what is -2121102100112011 - -1?
-2121102100112010
In base 11, what is 11584 + -28754?
-17180
In base 2, what is -1 - -1010100101001100111011011?
1010100101001100111011010
In base 5, what is 43231223 - -1123?
43232401
In base 6, what is 155125 + 5322?
204451
In base 8, what is 1 + -1766512406?
-1766512405
In base 12, what is -14a5a0 - 2?
-14a5a2
In base 15, what is -210 + -502d1?
-504e1
In base 8, what is -235 - 2233314?
-2233551
In base 2, what is 101101100100010010000110110 + 0?
101101100100010010000110110
In base 10, what is -4031805 + -6?
-4031811
In base 12, what is -3057 - -933?
-2324
In base 13, what is 22386 - -993?
23049
In base 13, what is -541ab29 + -2?
-541ab2b
In base 4, what is -21113032103 - -1002?
-21113031101
In base 11, what is 10411290 + -5?
10411286
In base 9, what is 73627 - 404?
73223
In base 12, what is 1 + -4149409?
-4149408
In base 5, what is -21 - -404200343?
404200322
In base 3, what is 21020002 + -11020021?
2222211
In base 2, what is -10001001010110100 + -111001?
-10001001011101101
In base 6, what is 121101 - 45213?
31444
In base 16, what is -3eb8 - 3e?
-3ef6
In base 3, what is -21012001010101 - 2?
-21012001010110
In base 14, what is 902d + 700?
972d
In base 8, what is 1733 - 477155?
-475222
In base 8, what is 23 - 2313142?
-2